{"id":2000,"date":"2025-11-20T23:48:37","date_gmt":"2025-11-20T22:48:37","guid":{"rendered":"https:\/\/nisacar.ch\/autos-bojan\/"},"modified":"2025-11-22T11:40:28","modified_gmt":"2025-11-22T10:40:28","slug":"voitures","status":"publish","type":"page","link":"https:\/\/nisacar.ch\/fr\/voitures\/","title":{"rendered":"Voitures"},"content":{"rendered":"","protected":false},"excerpt":{"rendered":"","protected":false},"author":2,"featured_media":0,"parent":0,"menu_order":0,"comment_status":"closed","ping_status":"closed","template":"","meta":{"_acf_changed":false,"nf_dc_page":"","footnotes":""},"class_list":["post-2000","page","type-page","status-publish","hentry"],"acf":[],"yoast_head":"<!-- This site is optimized with the Yoast SEO plugin v27.5 - https:\/\/yoast.com\/product\/yoast-seo-wordpress\/ -->\n<title>Voitures d\u2019occasion \u00e0 Schenkon | NISA Car<\/title>\n<meta name=\"description\" content=\"Voitures d\u2019occasion contr\u00f4l\u00e9es et fiables \u00e0 Schenkon. D\u00e9couvrez notre s\u00e9lection de v\u00e9hicules chez NISA Car.\" \/>\n<meta name=\"robots\" content=\"index, follow, max-snippet:-1, max-image-preview:large, max-video-preview:-1\" \/>\n<link rel=\"canonical\" href=\"https:\/\/nisacar.ch\/fr\/voitures\/\" \/>\n<meta property=\"og:locale\" content=\"fr_FR\" \/>\n<meta property=\"og:type\" content=\"article\" \/>\n<meta property=\"og:title\" content=\"Voitures d\u2019occasion chez NISA Car\" \/>\n<meta property=\"og:description\" content=\"D\u00e9couvrez des v\u00e9hicules d\u2019occasion test\u00e9s et fiables \u00e0 Schenkon \u2013 qualit\u00e9 suisse et transparence.\" \/>\n<meta property=\"og:url\" content=\"https:\/\/nisacar.ch\/fr\/voitures\/\" \/>\n<meta property=\"og:site_name\" content=\"NISA Car\" \/>\n<meta property=\"article:publisher\" content=\"https:\/\/www.facebook.com\/nisacar.ch1\" \/>\n<meta property=\"article:modified_time\" content=\"2025-11-22T10:40:28+00:00\" \/>\n<meta property=\"og:image\" content=\"https:\/\/nisacar.ch\/wp-content\/uploads\/2025\/11\/NISA-CAR-FRENCH-Voitures-a-vendre.jpg\" \/>\n\t<meta property=\"og:image:width\" content=\"1200\" \/>\n\t<meta property=\"og:image:height\" content=\"850\" \/>\n\t<meta property=\"og:image:type\" content=\"image\/jpeg\" \/>\n<meta name=\"twitter:card\" content=\"summary_large_image\" \/>\n<script type=\"application\/ld+json\" class=\"yoast-schema-graph\">{\"@context\":\"https:\\\/\\\/schema.org\",\"@graph\":[{\"@type\":\"WebPage\",\"@id\":\"https:\\\/\\\/nisacar.ch\\\/fr\\\/voitures\\\/\",\"url\":\"https:\\\/\\\/nisacar.ch\\\/fr\\\/voitures\\\/\",\"name\":\"Voitures d\u2019occasion \u00e0 Schenkon | NISA Car\",\"isPartOf\":{\"@id\":\"https:\\\/\\\/nisacar.ch\\\/fr\\\/#website\"},\"datePublished\":\"2025-11-20T22:48:37+00:00\",\"dateModified\":\"2025-11-22T10:40:28+00:00\",\"description\":\"Voitures d\u2019occasion contr\u00f4l\u00e9es et fiables \u00e0 Schenkon. D\u00e9couvrez notre s\u00e9lection de v\u00e9hicules chez NISA Car.\",\"breadcrumb\":{\"@id\":\"https:\\\/\\\/nisacar.ch\\\/fr\\\/voitures\\\/#breadcrumb\"},\"inLanguage\":\"fr-FR\",\"potentialAction\":[{\"@type\":\"ReadAction\",\"target\":[\"https:\\\/\\\/nisacar.ch\\\/fr\\\/voitures\\\/\"]}]},{\"@type\":\"BreadcrumbList\",\"@id\":\"https:\\\/\\\/nisacar.ch\\\/fr\\\/voitures\\\/#breadcrumb\",\"itemListElement\":[{\"@type\":\"ListItem\",\"position\":1,\"name\":\"Home\",\"item\":\"https:\\\/\\\/nisacar.ch\\\/fr\\\/\"},{\"@type\":\"ListItem\",\"position\":2,\"name\":\"Voitures\"}]},{\"@type\":\"WebSite\",\"@id\":\"https:\\\/\\\/nisacar.ch\\\/fr\\\/#website\",\"url\":\"https:\\\/\\\/nisacar.ch\\\/fr\\\/\",\"name\":\"NISA Car\",\"description\":\"Perfekte Pflege. Faire Preise. Schweizer Qualit\u00e4t.\",\"publisher\":{\"@id\":\"https:\\\/\\\/nisacar.ch\\\/fr\\\/#organization\"},\"potentialAction\":[{\"@type\":\"SearchAction\",\"target\":{\"@type\":\"EntryPoint\",\"urlTemplate\":\"https:\\\/\\\/nisacar.ch\\\/fr\\\/?s={search_term_string}\"},\"query-input\":{\"@type\":\"PropertyValueSpecification\",\"valueRequired\":true,\"valueName\":\"search_term_string\"}}],\"inLanguage\":\"fr-FR\"},{\"@type\":\"Organization\",\"@id\":\"https:\\\/\\\/nisacar.ch\\\/fr\\\/#organization\",\"name\":\"NISA Car Angelov\",\"url\":\"https:\\\/\\\/nisacar.ch\\\/fr\\\/\",\"logo\":{\"@type\":\"ImageObject\",\"inLanguage\":\"fr-FR\",\"@id\":\"https:\\\/\\\/nisacar.ch\\\/fr\\\/#\\\/schema\\\/logo\\\/image\\\/\",\"url\":\"https:\\\/\\\/i0.wp.com\\\/nisacar.ch\\\/wp-content\\\/uploads\\\/2025\\\/10\\\/cropped-za_autoscout-removebg-preview-Copy.png?fit=420%2C150&ssl=1\",\"contentUrl\":\"https:\\\/\\\/i0.wp.com\\\/nisacar.ch\\\/wp-content\\\/uploads\\\/2025\\\/10\\\/cropped-za_autoscout-removebg-preview-Copy.png?fit=420%2C150&ssl=1\",\"width\":420,\"height\":150,\"caption\":\"NISA Car Angelov\"},\"image\":{\"@id\":\"https:\\\/\\\/nisacar.ch\\\/fr\\\/#\\\/schema\\\/logo\\\/image\\\/\"},\"sameAs\":[\"https:\\\/\\\/www.facebook.com\\\/nisacar.ch1\",\"https:\\\/\\\/www.instagram.com\\\/nisacar_ch\\\/\"]}]}<\/script>\n<!-- \/ Yoast SEO plugin. -->","yoast_head_json":{"title":"Voitures d\u2019occasion \u00e0 Schenkon | NISA Car","description":"Voitures d\u2019occasion contr\u00f4l\u00e9es et fiables \u00e0 Schenkon. D\u00e9couvrez notre s\u00e9lection de v\u00e9hicules chez NISA Car.","robots":{"index":"index","follow":"follow","max-snippet":"max-snippet:-1","max-image-preview":"max-image-preview:large","max-video-preview":"max-video-preview:-1"},"canonical":"https:\/\/nisacar.ch\/fr\/voitures\/","og_locale":"fr_FR","og_type":"article","og_title":"Voitures d\u2019occasion chez NISA Car","og_description":"D\u00e9couvrez des v\u00e9hicules d\u2019occasion test\u00e9s et fiables \u00e0 Schenkon \u2013 qualit\u00e9 suisse et transparence.","og_url":"https:\/\/nisacar.ch\/fr\/voitures\/","og_site_name":"NISA Car","article_publisher":"https:\/\/www.facebook.com\/nisacar.ch1","article_modified_time":"2025-11-22T10:40:28+00:00","og_image":[{"width":1200,"height":850,"url":"https:\/\/nisacar.ch\/wp-content\/uploads\/2025\/11\/NISA-CAR-FRENCH-Voitures-a-vendre.jpg","type":"image\/jpeg"}],"twitter_card":"summary_large_image","schema":{"@context":"https:\/\/schema.org","@graph":[{"@type":"WebPage","@id":"https:\/\/nisacar.ch\/fr\/voitures\/","url":"https:\/\/nisacar.ch\/fr\/voitures\/","name":"Voitures d\u2019occasion \u00e0 Schenkon | NISA Car","isPartOf":{"@id":"https:\/\/nisacar.ch\/fr\/#website"},"datePublished":"2025-11-20T22:48:37+00:00","dateModified":"2025-11-22T10:40:28+00:00","description":"Voitures d\u2019occasion contr\u00f4l\u00e9es et fiables \u00e0 Schenkon. D\u00e9couvrez notre s\u00e9lection de v\u00e9hicules chez NISA Car.","breadcrumb":{"@id":"https:\/\/nisacar.ch\/fr\/voitures\/#breadcrumb"},"inLanguage":"fr-FR","potentialAction":[{"@type":"ReadAction","target":["https:\/\/nisacar.ch\/fr\/voitures\/"]}]},{"@type":"BreadcrumbList","@id":"https:\/\/nisacar.ch\/fr\/voitures\/#breadcrumb","itemListElement":[{"@type":"ListItem","position":1,"name":"Home","item":"https:\/\/nisacar.ch\/fr\/"},{"@type":"ListItem","position":2,"name":"Voitures"}]},{"@type":"WebSite","@id":"https:\/\/nisacar.ch\/fr\/#website","url":"https:\/\/nisacar.ch\/fr\/","name":"NISA Car","description":"Perfekte Pflege. Faire Preise. Schweizer Qualit\u00e4t.","publisher":{"@id":"https:\/\/nisacar.ch\/fr\/#organization"},"potentialAction":[{"@type":"SearchAction","target":{"@type":"EntryPoint","urlTemplate":"https:\/\/nisacar.ch\/fr\/?s={search_term_string}"},"query-input":{"@type":"PropertyValueSpecification","valueRequired":true,"valueName":"search_term_string"}}],"inLanguage":"fr-FR"},{"@type":"Organization","@id":"https:\/\/nisacar.ch\/fr\/#organization","name":"NISA Car Angelov","url":"https:\/\/nisacar.ch\/fr\/","logo":{"@type":"ImageObject","inLanguage":"fr-FR","@id":"https:\/\/nisacar.ch\/fr\/#\/schema\/logo\/image\/","url":"https:\/\/i0.wp.com\/nisacar.ch\/wp-content\/uploads\/2025\/10\/cropped-za_autoscout-removebg-preview-Copy.png?fit=420%2C150&ssl=1","contentUrl":"https:\/\/i0.wp.com\/nisacar.ch\/wp-content\/uploads\/2025\/10\/cropped-za_autoscout-removebg-preview-Copy.png?fit=420%2C150&ssl=1","width":420,"height":150,"caption":"NISA Car Angelov"},"image":{"@id":"https:\/\/nisacar.ch\/fr\/#\/schema\/logo\/image\/"},"sameAs":["https:\/\/www.facebook.com\/nisacar.ch1","https:\/\/www.instagram.com\/nisacar_ch\/"]}]}},"jetpack_sharing_enabled":true,"_links":{"self":[{"href":"https:\/\/nisacar.ch\/fr\/wp-json\/wp\/v2\/pages\/2000","targetHints":{"allow":["GET"]}}],"collection":[{"href":"https:\/\/nisacar.ch\/fr\/wp-json\/wp\/v2\/pages"}],"about":[{"href":"https:\/\/nisacar.ch\/fr\/wp-json\/wp\/v2\/types\/page"}],"author":[{"embeddable":true,"href":"https:\/\/nisacar.ch\/fr\/wp-json\/wp\/v2\/users\/2"}],"replies":[{"embeddable":true,"href":"https:\/\/nisacar.ch\/fr\/wp-json\/wp\/v2\/comments?post=2000"}],"version-history":[{"count":1,"href":"https:\/\/nisacar.ch\/fr\/wp-json\/wp\/v2\/pages\/2000\/revisions"}],"predecessor-version":[{"id":2006,"href":"https:\/\/nisacar.ch\/fr\/wp-json\/wp\/v2\/pages\/2000\/revisions\/2006"}],"wp:attachment":[{"href":"https:\/\/nisacar.ch\/fr\/wp-json\/wp\/v2\/media?parent=2000"}],"curies":[{"name":"wp","href":"https:\/\/api.w.org\/{rel}","templated":true}]}}

<!-- This site is optimized with the Yoast SEO plugin v27.5 - https://yoast.com/product/yoast-seo-wordpress/ -->
<title>Voitures d’occasion à Schenkon | NISA Car</title>
<meta name="description" content="Voitures d’occasion contrôlées et fiables à Schenkon. Découvrez notre sélection de véhicules chez NISA Car." />
<meta name="robots" content="index, follow, max-snippet:-1, max-image-preview:large, max-video-preview:-1" />
<link rel="canonical" href="https://nisacar.ch/fr/voitures/" />
<meta property="og:locale" content="fr_FR" />
<meta property="og:type" content="article" />
<meta property="og:title" content="Voitures d’occasion chez NISA Car" />
<meta property="og:description" content="Découvrez des véhicules d’occasion testés et fiables à Schenkon – qualité suisse et transparence." />
<meta property="og:url" content="https://nisacar.ch/fr/voitures/" />
<meta property="og:site_name" content="NISA Car" />
<meta property="article:publisher" content="https://www.facebook.com/nisacar.ch1" />
<meta property="article:modified_time" content="2025-11-22T10:40:28+00:00" />
<meta property="og:image" content="https://nisacar.ch/wp-content/uploads/2025/11/NISA-CAR-FRENCH-Voitures-a-vendre.jpg" />
	<meta property="og:image:width" content="1200" />
	<meta property="og:image:height" content="850" />
	<meta property="og:image:type" content="image/jpeg" />
<meta name="twitter:card" content="summary_large_image" />
<script type="application/ld+json" class="yoast-schema-graph">{"@context":"https:\/\/schema.org","@graph":[{"@type":"WebPage","@id":"https:\/\/nisacar.ch\/fr\/voitures\/","url":"https:\/\/nisacar.ch\/fr\/voitures\/","name":"Voitures d’occasion à Schenkon | NISA Car","isPartOf":{"@id":"https:\/\/nisacar.ch\/fr\/#website"},"datePublished":"2025-11-20T22:48:37+00:00","dateModified":"2025-11-22T10:40:28+00:00","description":"Voitures d’occasion contrôlées et fiables à Schenkon. Découvrez notre sélection de véhicules chez NISA Car.","breadcrumb":{"@id":"https:\/\/nisacar.ch\/fr\/voitures\/#breadcrumb"},"inLanguage":"fr-FR","potentialAction":[{"@type":"ReadAction","target":["https:\/\/nisacar.ch\/fr\/voitures\/"]}]},{"@type":"BreadcrumbList","@id":"https:\/\/nisacar.ch\/fr\/voitures\/#breadcrumb","itemListElement":[{"@type":"ListItem","position":1,"name":"Home","item":"https:\/\/nisacar.ch\/fr\/"},{"@type":"ListItem","position":2,"name":"Voitures"}]},{"@type":"WebSite","@id":"https:\/\/nisacar.ch\/fr\/#website","url":"https:\/\/nisacar.ch\/fr\/","name":"NISA Car","description":"Perfekte Pflege. Faire Preise. Schweizer Qualität.","publisher":{"@id":"https:\/\/nisacar.ch\/fr\/#organization"},"potentialAction":[{"@type":"SearchAction","target":{"@type":"EntryPoint","urlTemplate":"https:\/\/nisacar.ch\/fr\/?s={search_term_string}"},"query-input":{"@type":"PropertyValueSpecification","valueRequired":true,"valueName":"search_term_string"}}],"inLanguage":"fr-FR"},{"@type":"Organization","@id":"https:\/\/nisacar.ch\/fr\/#organization","name":"NISA Car Angelov","url":"https:\/\/nisacar.ch\/fr\/","logo":{"@type":"ImageObject","inLanguage":"fr-FR","@id":"https:\/\/nisacar.ch\/fr\/#\/schema\/logo\/image\/","url":"https:\/\/i0.wp.com\/nisacar.ch\/wp-content\/uploads\/2025\/10\/cropped-za_autoscout-removebg-preview-Copy.png?fit=420%2C150&ssl=1","contentUrl":"https:\/\/i0.wp.com\/nisacar.ch\/wp-content\/uploads\/2025\/10\/cropped-za_autoscout-removebg-preview-Copy.png?fit=420%2C150&ssl=1","width":420,"height":150,"caption":"NISA Car Angelov"},"image":{"@id":"https:\/\/nisacar.ch\/fr\/#\/schema\/logo\/image\/"},"sameAs":["https:\/\/www.facebook.com\/nisacar.ch1","https:\/\/www.instagram.com\/nisacar_ch\/"]}]}</script>
<!-- / Yoast SEO plugin. -->

Voitures d’occasion à Schenkon | NISA Car

Voitures d’occasion contrôlées et fiables à Schenkon. Découvrez notre sélection de véhicules chez NISA Car.

Découvrez des véhicules d’occasion testés et fiables à Schenkon – qualité suisse et transparence.

Perfekte Pflege. Faire Preise. Schweizer Qualität.
