{"id":1958,"date":"2025-10-18T18:42:10","date_gmt":"2025-10-18T16:42:10","guid":{"rendered":"https:\/\/nisacar.ch\/prestations\/preparation-automobile-et-detailing\/"},"modified":"2025-11-22T11:38:56","modified_gmt":"2025-11-22T10:38:56","slug":"preparation-automobile-et-detailing","status":"publish","type":"page","link":"https:\/\/nisacar.ch\/fr\/prestations\/preparation-automobile-et-detailing\/","title":{"rendered":"Pr\u00e9paration automobile et detailing"},"content":{"rendered":"","protected":false},"excerpt":{"rendered":"","protected":false},"author":2,"featured_media":0,"parent":1954,"menu_order":0,"comment_status":"closed","ping_status":"closed","template":"","meta":{"_acf_changed":false,"nf_dc_page":"","footnotes":""},"class_list":["post-1958","page","type-page","status-publish","hentry"],"acf":[],"yoast_head":"<!-- This site is optimized with the Yoast SEO plugin v27.5 - https:\/\/yoast.com\/product\/yoast-seo-wordpress\/ -->\n<title>Pr\u00e9paration esth\u00e9tique automobile et detailing \u00e0 Schenkon<\/title>\n<meta name=\"description\" content=\"Pr\u00e9paration esth\u00e9tique automobile et detailing \u00e0 Schenkon, Lucerne. Entretien professionnel des v\u00e9hicules, polissage et nettoyage int\u00e9rieur \u2013 Brillance et protection avec NISA Car.\" \/>\n<meta name=\"robots\" content=\"index, follow, max-snippet:-1, max-image-preview:large, max-video-preview:-1\" \/>\n<link rel=\"canonical\" href=\"https:\/\/nisacar.ch\/fr\/prestations\/preparation-automobile-et-detailing\/\" \/>\n<meta property=\"og:locale\" content=\"fr_FR\" \/>\n<meta property=\"og:type\" content=\"article\" \/>\n<meta property=\"og:title\" content=\"Pr\u00e9paration esth\u00e9tique automobile et detailing \u00e0 Schenkon | NISA Car\" \/>\n<meta property=\"og:description\" content=\"Pr\u00e9paration esth\u00e9tique automobile et detailing \u00e0 Schenkon, Lucerne. Entretien professionnel des v\u00e9hicules, polissage et nettoyage int\u00e9rieur \u2013 Brillance et protection avec NISA Car.\" \/>\n<meta property=\"og:url\" content=\"https:\/\/nisacar.ch\/fr\/prestations\/preparation-automobile-et-detailing\/\" \/>\n<meta property=\"og:site_name\" content=\"NISA Car\" \/>\n<meta property=\"article:publisher\" content=\"https:\/\/www.facebook.com\/nisacar.ch1\" \/>\n<meta property=\"article:modified_time\" content=\"2025-11-22T10:38:56+00:00\" \/>\n<meta property=\"og:image\" content=\"https:\/\/nisacar.ch\/wp-content\/uploads\/2025\/11\/NISA-CAR-FRENCH-Preparation-automobile-et-detailing.jpg\" \/>\n\t<meta property=\"og:image:width\" content=\"1200\" \/>\n\t<meta property=\"og:image:height\" content=\"850\" \/>\n\t<meta property=\"og:image:type\" content=\"image\/jpeg\" \/>\n<meta name=\"twitter:card\" content=\"summary_large_image\" \/>\n<script type=\"application\/ld+json\" class=\"yoast-schema-graph\">{\"@context\":\"https:\\\/\\\/schema.org\",\"@graph\":[{\"@type\":\"WebPage\",\"@id\":\"https:\\\/\\\/nisacar.ch\\\/fr\\\/prestations\\\/preparation-automobile-et-detailing\\\/\",\"url\":\"https:\\\/\\\/nisacar.ch\\\/fr\\\/prestations\\\/preparation-automobile-et-detailing\\\/\",\"name\":\"Pr\u00e9paration esth\u00e9tique automobile et detailing \u00e0 Schenkon\",\"isPartOf\":{\"@id\":\"https:\\\/\\\/nisacar.ch\\\/fr\\\/#website\"},\"datePublished\":\"2025-10-18T16:42:10+00:00\",\"dateModified\":\"2025-11-22T10:38:56+00:00\",\"description\":\"Pr\u00e9paration esth\u00e9tique automobile et detailing \u00e0 Schenkon, Lucerne. Entretien professionnel des v\u00e9hicules, polissage et nettoyage int\u00e9rieur \u2013 Brillance et protection avec NISA Car.\",\"breadcrumb\":{\"@id\":\"https:\\\/\\\/nisacar.ch\\\/fr\\\/prestations\\\/preparation-automobile-et-detailing\\\/#breadcrumb\"},\"inLanguage\":\"fr-FR\",\"potentialAction\":[{\"@type\":\"ReadAction\",\"target\":[\"https:\\\/\\\/nisacar.ch\\\/fr\\\/prestations\\\/preparation-automobile-et-detailing\\\/\"]}]},{\"@type\":\"BreadcrumbList\",\"@id\":\"https:\\\/\\\/nisacar.ch\\\/fr\\\/prestations\\\/preparation-automobile-et-detailing\\\/#breadcrumb\",\"itemListElement\":[{\"@type\":\"ListItem\",\"position\":1,\"name\":\"Home\",\"item\":\"https:\\\/\\\/nisacar.ch\\\/fr\\\/\"},{\"@type\":\"ListItem\",\"position\":2,\"name\":\"Prestations\",\"item\":\"https:\\\/\\\/nisacar.ch\\\/fr\\\/prestations\\\/\"},{\"@type\":\"ListItem\",\"position\":3,\"name\":\"Pr\u00e9paration automobile et detailing\"}]},{\"@type\":\"WebSite\",\"@id\":\"https:\\\/\\\/nisacar.ch\\\/fr\\\/#website\",\"url\":\"https:\\\/\\\/nisacar.ch\\\/fr\\\/\",\"name\":\"NISA Car\",\"description\":\"Perfekte Pflege. Faire Preise. Schweizer Qualit\u00e4t.\",\"publisher\":{\"@id\":\"https:\\\/\\\/nisacar.ch\\\/fr\\\/#organization\"},\"potentialAction\":[{\"@type\":\"SearchAction\",\"target\":{\"@type\":\"EntryPoint\",\"urlTemplate\":\"https:\\\/\\\/nisacar.ch\\\/fr\\\/?s={search_term_string}\"},\"query-input\":{\"@type\":\"PropertyValueSpecification\",\"valueRequired\":true,\"valueName\":\"search_term_string\"}}],\"inLanguage\":\"fr-FR\"},{\"@type\":\"Organization\",\"@id\":\"https:\\\/\\\/nisacar.ch\\\/fr\\\/#organization\",\"name\":\"NISA Car Angelov\",\"url\":\"https:\\\/\\\/nisacar.ch\\\/fr\\\/\",\"logo\":{\"@type\":\"ImageObject\",\"inLanguage\":\"fr-FR\",\"@id\":\"https:\\\/\\\/nisacar.ch\\\/fr\\\/#\\\/schema\\\/logo\\\/image\\\/\",\"url\":\"https:\\\/\\\/i0.wp.com\\\/nisacar.ch\\\/wp-content\\\/uploads\\\/2025\\\/10\\\/cropped-za_autoscout-removebg-preview-Copy.png?fit=420%2C150&ssl=1\",\"contentUrl\":\"https:\\\/\\\/i0.wp.com\\\/nisacar.ch\\\/wp-content\\\/uploads\\\/2025\\\/10\\\/cropped-za_autoscout-removebg-preview-Copy.png?fit=420%2C150&ssl=1\",\"width\":420,\"height\":150,\"caption\":\"NISA Car Angelov\"},\"image\":{\"@id\":\"https:\\\/\\\/nisacar.ch\\\/fr\\\/#\\\/schema\\\/logo\\\/image\\\/\"},\"sameAs\":[\"https:\\\/\\\/www.facebook.com\\\/nisacar.ch1\",\"https:\\\/\\\/www.instagram.com\\\/nisacar_ch\\\/\"]}]}<\/script>\n<!-- \/ Yoast SEO plugin. -->","yoast_head_json":{"title":"Pr\u00e9paration esth\u00e9tique automobile et detailing \u00e0 Schenkon","description":"Pr\u00e9paration esth\u00e9tique automobile et detailing \u00e0 Schenkon, Lucerne. Entretien professionnel des v\u00e9hicules, polissage et nettoyage int\u00e9rieur \u2013 Brillance et protection avec NISA Car.","robots":{"index":"index","follow":"follow","max-snippet":"max-snippet:-1","max-image-preview":"max-image-preview:large","max-video-preview":"max-video-preview:-1"},"canonical":"https:\/\/nisacar.ch\/fr\/prestations\/preparation-automobile-et-detailing\/","og_locale":"fr_FR","og_type":"article","og_title":"Pr\u00e9paration esth\u00e9tique automobile et detailing \u00e0 Schenkon | NISA Car","og_description":"Pr\u00e9paration esth\u00e9tique automobile et detailing \u00e0 Schenkon, Lucerne. Entretien professionnel des v\u00e9hicules, polissage et nettoyage int\u00e9rieur \u2013 Brillance et protection avec NISA Car.","og_url":"https:\/\/nisacar.ch\/fr\/prestations\/preparation-automobile-et-detailing\/","og_site_name":"NISA Car","article_publisher":"https:\/\/www.facebook.com\/nisacar.ch1","article_modified_time":"2025-11-22T10:38:56+00:00","og_image":[{"width":1200,"height":850,"url":"https:\/\/nisacar.ch\/wp-content\/uploads\/2025\/11\/NISA-CAR-FRENCH-Preparation-automobile-et-detailing.jpg","type":"image\/jpeg"}],"twitter_card":"summary_large_image","schema":{"@context":"https:\/\/schema.org","@graph":[{"@type":"WebPage","@id":"https:\/\/nisacar.ch\/fr\/prestations\/preparation-automobile-et-detailing\/","url":"https:\/\/nisacar.ch\/fr\/prestations\/preparation-automobile-et-detailing\/","name":"Pr\u00e9paration esth\u00e9tique automobile et detailing \u00e0 Schenkon","isPartOf":{"@id":"https:\/\/nisacar.ch\/fr\/#website"},"datePublished":"2025-10-18T16:42:10+00:00","dateModified":"2025-11-22T10:38:56+00:00","description":"Pr\u00e9paration esth\u00e9tique automobile et detailing \u00e0 Schenkon, Lucerne. Entretien professionnel des v\u00e9hicules, polissage et nettoyage int\u00e9rieur \u2013 Brillance et protection avec NISA Car.","breadcrumb":{"@id":"https:\/\/nisacar.ch\/fr\/prestations\/preparation-automobile-et-detailing\/#breadcrumb"},"inLanguage":"fr-FR","potentialAction":[{"@type":"ReadAction","target":["https:\/\/nisacar.ch\/fr\/prestations\/preparation-automobile-et-detailing\/"]}]},{"@type":"BreadcrumbList","@id":"https:\/\/nisacar.ch\/fr\/prestations\/preparation-automobile-et-detailing\/#breadcrumb","itemListElement":[{"@type":"ListItem","position":1,"name":"Home","item":"https:\/\/nisacar.ch\/fr\/"},{"@type":"ListItem","position":2,"name":"Prestations","item":"https:\/\/nisacar.ch\/fr\/prestations\/"},{"@type":"ListItem","position":3,"name":"Pr\u00e9paration automobile et detailing"}]},{"@type":"WebSite","@id":"https:\/\/nisacar.ch\/fr\/#website","url":"https:\/\/nisacar.ch\/fr\/","name":"NISA Car","description":"Perfekte Pflege. Faire Preise. Schweizer Qualit\u00e4t.","publisher":{"@id":"https:\/\/nisacar.ch\/fr\/#organization"},"potentialAction":[{"@type":"SearchAction","target":{"@type":"EntryPoint","urlTemplate":"https:\/\/nisacar.ch\/fr\/?s={search_term_string}"},"query-input":{"@type":"PropertyValueSpecification","valueRequired":true,"valueName":"search_term_string"}}],"inLanguage":"fr-FR"},{"@type":"Organization","@id":"https:\/\/nisacar.ch\/fr\/#organization","name":"NISA Car Angelov","url":"https:\/\/nisacar.ch\/fr\/","logo":{"@type":"ImageObject","inLanguage":"fr-FR","@id":"https:\/\/nisacar.ch\/fr\/#\/schema\/logo\/image\/","url":"https:\/\/i0.wp.com\/nisacar.ch\/wp-content\/uploads\/2025\/10\/cropped-za_autoscout-removebg-preview-Copy.png?fit=420%2C150&ssl=1","contentUrl":"https:\/\/i0.wp.com\/nisacar.ch\/wp-content\/uploads\/2025\/10\/cropped-za_autoscout-removebg-preview-Copy.png?fit=420%2C150&ssl=1","width":420,"height":150,"caption":"NISA Car Angelov"},"image":{"@id":"https:\/\/nisacar.ch\/fr\/#\/schema\/logo\/image\/"},"sameAs":["https:\/\/www.facebook.com\/nisacar.ch1","https:\/\/www.instagram.com\/nisacar_ch\/"]}]}},"jetpack_sharing_enabled":true,"_links":{"self":[{"href":"https:\/\/nisacar.ch\/fr\/wp-json\/wp\/v2\/pages\/1958","targetHints":{"allow":["GET"]}}],"collection":[{"href":"https:\/\/nisacar.ch\/fr\/wp-json\/wp\/v2\/pages"}],"about":[{"href":"https:\/\/nisacar.ch\/fr\/wp-json\/wp\/v2\/types\/page"}],"author":[{"embeddable":true,"href":"https:\/\/nisacar.ch\/fr\/wp-json\/wp\/v2\/users\/2"}],"replies":[{"embeddable":true,"href":"https:\/\/nisacar.ch\/fr\/wp-json\/wp\/v2\/comments?post=1958"}],"version-history":[{"count":1,"href":"https:\/\/nisacar.ch\/fr\/wp-json\/wp\/v2\/pages\/1958\/revisions"}],"predecessor-version":[{"id":1988,"href":"https:\/\/nisacar.ch\/fr\/wp-json\/wp\/v2\/pages\/1958\/revisions\/1988"}],"up":[{"embeddable":true,"href":"https:\/\/nisacar.ch\/fr\/wp-json\/wp\/v2\/pages\/1954"}],"wp:attachment":[{"href":"https:\/\/nisacar.ch\/fr\/wp-json\/wp\/v2\/media?parent=1958"}],"curies":[{"name":"wp","href":"https:\/\/api.w.org\/{rel}","templated":true}]}}

Préparation automobile et detailing

<!-- This site is optimized with the Yoast SEO plugin v27.5 - https://yoast.com/product/yoast-seo-wordpress/ -->
<title>Préparation esthétique automobile et detailing à Schenkon</title>
<meta name="description" content="Préparation esthétique automobile et detailing à Schenkon, Lucerne. Entretien professionnel des véhicules, polissage et nettoyage intérieur – Brillance et protection avec NISA Car." />
<meta name="robots" content="index, follow, max-snippet:-1, max-image-preview:large, max-video-preview:-1" />
<link rel="canonical" href="https://nisacar.ch/fr/prestations/preparation-automobile-et-detailing/" />
<meta property="og:locale" content="fr_FR" />
<meta property="og:type" content="article" />
<meta property="og:title" content="Préparation esthétique automobile et detailing à Schenkon | NISA Car" />
<meta property="og:description" content="Préparation esthétique automobile et detailing à Schenkon, Lucerne. Entretien professionnel des véhicules, polissage et nettoyage intérieur – Brillance et protection avec NISA Car." />
<meta property="og:url" content="https://nisacar.ch/fr/prestations/preparation-automobile-et-detailing/" />
<meta property="og:site_name" content="NISA Car" />
<meta property="article:publisher" content="https://www.facebook.com/nisacar.ch1" />
<meta property="article:modified_time" content="2025-11-22T10:38:56+00:00" />
<meta property="og:image" content="https://nisacar.ch/wp-content/uploads/2025/11/NISA-CAR-FRENCH-Preparation-automobile-et-detailing.jpg" />
	<meta property="og:image:width" content="1200" />
	<meta property="og:image:height" content="850" />
	<meta property="og:image:type" content="image/jpeg" />
<meta name="twitter:card" content="summary_large_image" />
<script type="application/ld+json" class="yoast-schema-graph">{"@context":"https:\/\/schema.org","@graph":[{"@type":"WebPage","@id":"https:\/\/nisacar.ch\/fr\/prestations\/preparation-automobile-et-detailing\/","url":"https:\/\/nisacar.ch\/fr\/prestations\/preparation-automobile-et-detailing\/","name":"Préparation esthétique automobile et detailing à Schenkon","isPartOf":{"@id":"https:\/\/nisacar.ch\/fr\/#website"},"datePublished":"2025-10-18T16:42:10+00:00","dateModified":"2025-11-22T10:38:56+00:00","description":"Préparation esthétique automobile et detailing à Schenkon, Lucerne. Entretien professionnel des véhicules, polissage et nettoyage intérieur – Brillance et protection avec NISA Car.","breadcrumb":{"@id":"https:\/\/nisacar.ch\/fr\/prestations\/preparation-automobile-et-detailing\/#breadcrumb"},"inLanguage":"fr-FR","potentialAction":[{"@type":"ReadAction","target":["https:\/\/nisacar.ch\/fr\/prestations\/preparation-automobile-et-detailing\/"]}]},{"@type":"BreadcrumbList","@id":"https:\/\/nisacar.ch\/fr\/prestations\/preparation-automobile-et-detailing\/#breadcrumb","itemListElement":[{"@type":"ListItem","position":1,"name":"Home","item":"https:\/\/nisacar.ch\/fr\/"},{"@type":"ListItem","position":2,"name":"Prestations","item":"https:\/\/nisacar.ch\/fr\/prestations\/"},{"@type":"ListItem","position":3,"name":"Préparation automobile et detailing"}]},{"@type":"WebSite","@id":"https:\/\/nisacar.ch\/fr\/#website","url":"https:\/\/nisacar.ch\/fr\/","name":"NISA Car","description":"Perfekte Pflege. Faire Preise. Schweizer Qualität.","publisher":{"@id":"https:\/\/nisacar.ch\/fr\/#organization"},"potentialAction":[{"@type":"SearchAction","target":{"@type":"EntryPoint","urlTemplate":"https:\/\/nisacar.ch\/fr\/?s={search_term_string}"},"query-input":{"@type":"PropertyValueSpecification","valueRequired":true,"valueName":"search_term_string"}}],"inLanguage":"fr-FR"},{"@type":"Organization","@id":"https:\/\/nisacar.ch\/fr\/#organization","name":"NISA Car Angelov","url":"https:\/\/nisacar.ch\/fr\/","logo":{"@type":"ImageObject","inLanguage":"fr-FR","@id":"https:\/\/nisacar.ch\/fr\/#\/schema\/logo\/image\/","url":"https:\/\/i0.wp.com\/nisacar.ch\/wp-content\/uploads\/2025\/10\/cropped-za_autoscout-removebg-preview-Copy.png?fit=420%2C150&ssl=1","contentUrl":"https:\/\/i0.wp.com\/nisacar.ch\/wp-content\/uploads\/2025\/10\/cropped-za_autoscout-removebg-preview-Copy.png?fit=420%2C150&ssl=1","width":420,"height":150,"caption":"NISA Car Angelov"},"image":{"@id":"https:\/\/nisacar.ch\/fr\/#\/schema\/logo\/image\/"},"sameAs":["https:\/\/www.facebook.com\/nisacar.ch1","https:\/\/www.instagram.com\/nisacar_ch\/"]}]}</script>
<!-- / Yoast SEO plugin. -->

Préparation esthétique automobile et detailing à Schenkon

Préparation esthétique automobile et detailing à Schenkon, Lucerne. Entretien professionnel des véhicules, polissage et nettoyage intérieur – Brillance et protection avec NISA Car.

Préparation esthétique automobile et detailing à Schenkon | NISA Car

Perfekte Pflege. Faire Preise. Schweizer Qualität.
