{"id":1951,"date":"2022-02-21T15:54:49","date_gmt":"2022-02-21T14:54:49","guid":{"rendered":"https:\/\/nisacar.ch\/mentions-legales-et-confidentialite\/"},"modified":"2025-12-23T12:41:00","modified_gmt":"2025-12-23T11:41:00","slug":"mentions-legales-protection-des-donnees-cookies","status":"publish","type":"page","link":"https:\/\/nisacar.ch\/fr\/mentions-legales-protection-des-donnees-cookies\/","title":{"rendered":"Mentions l\u00e9gales, protection des donn\u00e9es et cookies"},"content":{"rendered":"","protected":false},"excerpt":{"rendered":"","protected":false},"author":1,"featured_media":0,"parent":0,"menu_order":0,"comment_status":"open","ping_status":"open","template":"","meta":{"_acf_changed":false,"nf_dc_page":"","footnotes":""},"class_list":["post-1951","page","type-page","status-publish","hentry"],"acf":[],"yoast_head":"<!-- This site is optimized with the Yoast SEO plugin v27.5 - https:\/\/yoast.com\/product\/yoast-seo-wordpress\/ -->\n<title>Mentions l\u00e9gales et protection des donn\u00e9es | NISA Car Schenkon<\/title>\n<meta name=\"description\" content=\"Informations l\u00e9gales et d\u00e9claration de protection des donn\u00e9es de NISA Car \u00e0 Schenkon. Transparence, protection des donn\u00e9es et qualit\u00e9 suisse.\" \/>\n<meta name=\"robots\" content=\"noindex, follow\" \/>\n<meta property=\"og:locale\" content=\"fr_FR\" \/>\n<meta property=\"og:type\" content=\"article\" \/>\n<meta property=\"og:title\" content=\"Mentions l\u00e9gales et protection des donn\u00e9es \u2013 NISA Car Suisse\" \/>\n<meta property=\"og:description\" content=\"Vous trouverez ici les mentions l\u00e9gales et la d\u00e9claration de protection des donn\u00e9es de NISA Car \u00e0 Schenkon. Nous sommes synonymes de transparence, de confiance et de protection des donn\u00e9es.\" \/>\n<meta property=\"og:url\" content=\"https:\/\/nisacar.ch\/fr\/mentions-legales-protection-des-donnees-cookies\/\" \/>\n<meta property=\"og:site_name\" content=\"NISA Car\" \/>\n<meta property=\"article:publisher\" content=\"https:\/\/www.facebook.com\/nisacar.ch1\" \/>\n<meta property=\"article:modified_time\" content=\"2025-12-23T11:41:00+00:00\" \/>\n<meta name=\"twitter:card\" content=\"summary_large_image\" \/>\n<script type=\"application\/ld+json\" class=\"yoast-schema-graph\">{\"@context\":\"https:\\\/\\\/schema.org\",\"@graph\":[{\"@type\":\"WebPage\",\"@id\":\"https:\\\/\\\/nisacar.ch\\\/fr\\\/mentions-legales-protection-des-donnees-cookies\\\/\",\"url\":\"https:\\\/\\\/nisacar.ch\\\/fr\\\/mentions-legales-protection-des-donnees-cookies\\\/\",\"name\":\"Mentions l\u00e9gales et protection des donn\u00e9es | NISA Car Schenkon\",\"isPartOf\":{\"@id\":\"https:\\\/\\\/nisacar.ch\\\/fr\\\/#website\"},\"datePublished\":\"2022-02-21T14:54:49+00:00\",\"dateModified\":\"2025-12-23T11:41:00+00:00\",\"description\":\"Informations l\u00e9gales et d\u00e9claration de protection des donn\u00e9es de NISA Car \u00e0 Schenkon. Transparence, protection des donn\u00e9es et qualit\u00e9 suisse.\",\"breadcrumb\":{\"@id\":\"https:\\\/\\\/nisacar.ch\\\/fr\\\/mentions-legales-protection-des-donnees-cookies\\\/#breadcrumb\"},\"inLanguage\":\"fr-FR\",\"potentialAction\":[{\"@type\":\"ReadAction\",\"target\":[\"https:\\\/\\\/nisacar.ch\\\/fr\\\/mentions-legales-protection-des-donnees-cookies\\\/\"]}]},{\"@type\":\"BreadcrumbList\",\"@id\":\"https:\\\/\\\/nisacar.ch\\\/fr\\\/mentions-legales-protection-des-donnees-cookies\\\/#breadcrumb\",\"itemListElement\":[{\"@type\":\"ListItem\",\"position\":1,\"name\":\"Home\",\"item\":\"https:\\\/\\\/nisacar.ch\\\/fr\\\/\"},{\"@type\":\"ListItem\",\"position\":2,\"name\":\"Mentions l\u00e9gales, protection des donn\u00e9es et cookies\"}]},{\"@type\":\"WebSite\",\"@id\":\"https:\\\/\\\/nisacar.ch\\\/fr\\\/#website\",\"url\":\"https:\\\/\\\/nisacar.ch\\\/fr\\\/\",\"name\":\"NISA Car\",\"description\":\"Perfekte Pflege. Faire Preise. Schweizer Qualit\u00e4t.\",\"publisher\":{\"@id\":\"https:\\\/\\\/nisacar.ch\\\/fr\\\/#organization\"},\"potentialAction\":[{\"@type\":\"SearchAction\",\"target\":{\"@type\":\"EntryPoint\",\"urlTemplate\":\"https:\\\/\\\/nisacar.ch\\\/fr\\\/?s={search_term_string}\"},\"query-input\":{\"@type\":\"PropertyValueSpecification\",\"valueRequired\":true,\"valueName\":\"search_term_string\"}}],\"inLanguage\":\"fr-FR\"},{\"@type\":\"Organization\",\"@id\":\"https:\\\/\\\/nisacar.ch\\\/fr\\\/#organization\",\"name\":\"NISA Car Angelov\",\"url\":\"https:\\\/\\\/nisacar.ch\\\/fr\\\/\",\"logo\":{\"@type\":\"ImageObject\",\"inLanguage\":\"fr-FR\",\"@id\":\"https:\\\/\\\/nisacar.ch\\\/fr\\\/#\\\/schema\\\/logo\\\/image\\\/\",\"url\":\"https:\\\/\\\/i0.wp.com\\\/nisacar.ch\\\/wp-content\\\/uploads\\\/2025\\\/10\\\/cropped-za_autoscout-removebg-preview-Copy.png?fit=420%2C150&ssl=1\",\"contentUrl\":\"https:\\\/\\\/i0.wp.com\\\/nisacar.ch\\\/wp-content\\\/uploads\\\/2025\\\/10\\\/cropped-za_autoscout-removebg-preview-Copy.png?fit=420%2C150&ssl=1\",\"width\":420,\"height\":150,\"caption\":\"NISA Car Angelov\"},\"image\":{\"@id\":\"https:\\\/\\\/nisacar.ch\\\/fr\\\/#\\\/schema\\\/logo\\\/image\\\/\"},\"sameAs\":[\"https:\\\/\\\/www.facebook.com\\\/nisacar.ch1\",\"https:\\\/\\\/www.instagram.com\\\/nisacar_ch\\\/\"]}]}<\/script>\n<!-- \/ Yoast SEO plugin. -->","yoast_head_json":{"title":"Mentions l\u00e9gales et protection des donn\u00e9es | NISA Car Schenkon","description":"Informations l\u00e9gales et d\u00e9claration de protection des donn\u00e9es de NISA Car \u00e0 Schenkon. Transparence, protection des donn\u00e9es et qualit\u00e9 suisse.","robots":{"index":"noindex","follow":"follow"},"og_locale":"fr_FR","og_type":"article","og_title":"Mentions l\u00e9gales et protection des donn\u00e9es \u2013 NISA Car Suisse","og_description":"Vous trouverez ici les mentions l\u00e9gales et la d\u00e9claration de protection des donn\u00e9es de NISA Car \u00e0 Schenkon. Nous sommes synonymes de transparence, de confiance et de protection des donn\u00e9es.","og_url":"https:\/\/nisacar.ch\/fr\/mentions-legales-protection-des-donnees-cookies\/","og_site_name":"NISA Car","article_publisher":"https:\/\/www.facebook.com\/nisacar.ch1","article_modified_time":"2025-12-23T11:41:00+00:00","twitter_card":"summary_large_image","schema":{"@context":"https:\/\/schema.org","@graph":[{"@type":"WebPage","@id":"https:\/\/nisacar.ch\/fr\/mentions-legales-protection-des-donnees-cookies\/","url":"https:\/\/nisacar.ch\/fr\/mentions-legales-protection-des-donnees-cookies\/","name":"Mentions l\u00e9gales et protection des donn\u00e9es | NISA Car Schenkon","isPartOf":{"@id":"https:\/\/nisacar.ch\/fr\/#website"},"datePublished":"2022-02-21T14:54:49+00:00","dateModified":"2025-12-23T11:41:00+00:00","description":"Informations l\u00e9gales et d\u00e9claration de protection des donn\u00e9es de NISA Car \u00e0 Schenkon. Transparence, protection des donn\u00e9es et qualit\u00e9 suisse.","breadcrumb":{"@id":"https:\/\/nisacar.ch\/fr\/mentions-legales-protection-des-donnees-cookies\/#breadcrumb"},"inLanguage":"fr-FR","potentialAction":[{"@type":"ReadAction","target":["https:\/\/nisacar.ch\/fr\/mentions-legales-protection-des-donnees-cookies\/"]}]},{"@type":"BreadcrumbList","@id":"https:\/\/nisacar.ch\/fr\/mentions-legales-protection-des-donnees-cookies\/#breadcrumb","itemListElement":[{"@type":"ListItem","position":1,"name":"Home","item":"https:\/\/nisacar.ch\/fr\/"},{"@type":"ListItem","position":2,"name":"Mentions l\u00e9gales, protection des donn\u00e9es et cookies"}]},{"@type":"WebSite","@id":"https:\/\/nisacar.ch\/fr\/#website","url":"https:\/\/nisacar.ch\/fr\/","name":"NISA Car","description":"Perfekte Pflege. Faire Preise. Schweizer Qualit\u00e4t.","publisher":{"@id":"https:\/\/nisacar.ch\/fr\/#organization"},"potentialAction":[{"@type":"SearchAction","target":{"@type":"EntryPoint","urlTemplate":"https:\/\/nisacar.ch\/fr\/?s={search_term_string}"},"query-input":{"@type":"PropertyValueSpecification","valueRequired":true,"valueName":"search_term_string"}}],"inLanguage":"fr-FR"},{"@type":"Organization","@id":"https:\/\/nisacar.ch\/fr\/#organization","name":"NISA Car Angelov","url":"https:\/\/nisacar.ch\/fr\/","logo":{"@type":"ImageObject","inLanguage":"fr-FR","@id":"https:\/\/nisacar.ch\/fr\/#\/schema\/logo\/image\/","url":"https:\/\/i0.wp.com\/nisacar.ch\/wp-content\/uploads\/2025\/10\/cropped-za_autoscout-removebg-preview-Copy.png?fit=420%2C150&ssl=1","contentUrl":"https:\/\/i0.wp.com\/nisacar.ch\/wp-content\/uploads\/2025\/10\/cropped-za_autoscout-removebg-preview-Copy.png?fit=420%2C150&ssl=1","width":420,"height":150,"caption":"NISA Car Angelov"},"image":{"@id":"https:\/\/nisacar.ch\/fr\/#\/schema\/logo\/image\/"},"sameAs":["https:\/\/www.facebook.com\/nisacar.ch1","https:\/\/www.instagram.com\/nisacar_ch\/"]}]}},"jetpack_sharing_enabled":true,"_links":{"self":[{"href":"https:\/\/nisacar.ch\/fr\/wp-json\/wp\/v2\/pages\/1951","targetHints":{"allow":["GET"]}}],"collection":[{"href":"https:\/\/nisacar.ch\/fr\/wp-json\/wp\/v2\/pages"}],"about":[{"href":"https:\/\/nisacar.ch\/fr\/wp-json\/wp\/v2\/types\/page"}],"author":[{"embeddable":true,"href":"https:\/\/nisacar.ch\/fr\/wp-json\/wp\/v2\/users\/1"}],"replies":[{"embeddable":true,"href":"https:\/\/nisacar.ch\/fr\/wp-json\/wp\/v2\/comments?post=1951"}],"version-history":[{"count":2,"href":"https:\/\/nisacar.ch\/fr\/wp-json\/wp\/v2\/pages\/1951\/revisions"}],"predecessor-version":[{"id":2090,"href":"https:\/\/nisacar.ch\/fr\/wp-json\/wp\/v2\/pages\/1951\/revisions\/2090"}],"wp:attachment":[{"href":"https:\/\/nisacar.ch\/fr\/wp-json\/wp\/v2\/media?parent=1951"}],"curies":[{"name":"wp","href":"https:\/\/api.w.org\/{rel}","templated":true}]}}

Mentions légales, protection des données et cookies

<!-- This site is optimized with the Yoast SEO plugin v27.5 - https://yoast.com/product/yoast-seo-wordpress/ -->
<title>Mentions légales et protection des données | NISA Car Schenkon</title>
<meta name="description" content="Informations légales et déclaration de protection des données de NISA Car à Schenkon. Transparence, protection des données et qualité suisse." />
<meta name="robots" content="noindex, follow" />
<meta property="og:locale" content="fr_FR" />
<meta property="og:type" content="article" />
<meta property="og:title" content="Mentions légales et protection des données – NISA Car Suisse" />
<meta property="og:description" content="Vous trouverez ici les mentions légales et la déclaration de protection des données de NISA Car à Schenkon. Nous sommes synonymes de transparence, de confiance et de protection des données." />
<meta property="og:url" content="https://nisacar.ch/fr/mentions-legales-protection-des-donnees-cookies/" />
<meta property="og:site_name" content="NISA Car" />
<meta property="article:publisher" content="https://www.facebook.com/nisacar.ch1" />
<meta property="article:modified_time" content="2025-12-23T11:41:00+00:00" />
<meta name="twitter:card" content="summary_large_image" />
<script type="application/ld+json" class="yoast-schema-graph">{"@context":"https:\/\/schema.org","@graph":[{"@type":"WebPage","@id":"https:\/\/nisacar.ch\/fr\/mentions-legales-protection-des-donnees-cookies\/","url":"https:\/\/nisacar.ch\/fr\/mentions-legales-protection-des-donnees-cookies\/","name":"Mentions légales et protection des données | NISA Car Schenkon","isPartOf":{"@id":"https:\/\/nisacar.ch\/fr\/#website"},"datePublished":"2022-02-21T14:54:49+00:00","dateModified":"2025-12-23T11:41:00+00:00","description":"Informations légales et déclaration de protection des données de NISA Car à Schenkon. Transparence, protection des données et qualité suisse.","breadcrumb":{"@id":"https:\/\/nisacar.ch\/fr\/mentions-legales-protection-des-donnees-cookies\/#breadcrumb"},"inLanguage":"fr-FR","potentialAction":[{"@type":"ReadAction","target":["https:\/\/nisacar.ch\/fr\/mentions-legales-protection-des-donnees-cookies\/"]}]},{"@type":"BreadcrumbList","@id":"https:\/\/nisacar.ch\/fr\/mentions-legales-protection-des-donnees-cookies\/#breadcrumb","itemListElement":[{"@type":"ListItem","position":1,"name":"Home","item":"https:\/\/nisacar.ch\/fr\/"},{"@type":"ListItem","position":2,"name":"Mentions légales, protection des données et cookies"}]},{"@type":"WebSite","@id":"https:\/\/nisacar.ch\/fr\/#website","url":"https:\/\/nisacar.ch\/fr\/","name":"NISA Car","description":"Perfekte Pflege. Faire Preise. Schweizer Qualität.","publisher":{"@id":"https:\/\/nisacar.ch\/fr\/#organization"},"potentialAction":[{"@type":"SearchAction","target":{"@type":"EntryPoint","urlTemplate":"https:\/\/nisacar.ch\/fr\/?s={search_term_string}"},"query-input":{"@type":"PropertyValueSpecification","valueRequired":true,"valueName":"search_term_string"}}],"inLanguage":"fr-FR"},{"@type":"Organization","@id":"https:\/\/nisacar.ch\/fr\/#organization","name":"NISA Car Angelov","url":"https:\/\/nisacar.ch\/fr\/","logo":{"@type":"ImageObject","inLanguage":"fr-FR","@id":"https:\/\/nisacar.ch\/fr\/#\/schema\/logo\/image\/","url":"https:\/\/i0.wp.com\/nisacar.ch\/wp-content\/uploads\/2025\/10\/cropped-za_autoscout-removebg-preview-Copy.png?fit=420%2C150&ssl=1","contentUrl":"https:\/\/i0.wp.com\/nisacar.ch\/wp-content\/uploads\/2025\/10\/cropped-za_autoscout-removebg-preview-Copy.png?fit=420%2C150&ssl=1","width":420,"height":150,"caption":"NISA Car Angelov"},"image":{"@id":"https:\/\/nisacar.ch\/fr\/#\/schema\/logo\/image\/"},"sameAs":["https:\/\/www.facebook.com\/nisacar.ch1","https:\/\/www.instagram.com\/nisacar_ch\/"]}]}</script>
<!-- / Yoast SEO plugin. -->

Mentions légales et protection des données | NISA Car Schenkon

Informations légales et déclaration de protection des données de NISA Car à Schenkon. Transparence, protection des données et qualité suisse.

Mentions légales et protection des données – NISA Car Suisse

Vous trouverez ici les mentions légales et la déclaration de protection des données de NISA Car à Schenkon. Nous sommes synonymes de transparence, de confiance et de protection des données.

Perfekte Pflege. Faire Preise. Schweizer Qualität.
